2093 prime?
True
Is 17129605 a composite number?
True
Is 1988159 composite?
True
Is 99298477 prime?
True
Is 2251451 composite?
False
Is 12809491 composite?
False
Is 66247 a composite number?
True
Is 267018107 a composite number?
False
Is 135457273 a prime number?
False
Is 62353721 a composite number?
False
Is 199945 composite?
True
Is 3448805 a composite number?
True
Is 83744293 a prime number?
False
Is 21413473 prime?
False
Is 1006738 prime?
False
Is 6798991 composite?
False
Is 6352009 prime?
False
Is 40870579 prime?
False
Is 2550619 a composite number?
False
Is 8229269 a prime number?
True
Is 39987733 composite?
False
Is 255397 prime?
False
Is 230415167 a composite number?
False
Is 4873949 composite?
True
Is 89112607 a composite number?
False
Is 149009353 prime?
False
Is 2049217 prime?
False
Is 759439 a composite number?
True
Is 28822966 a composite number?
True
Is 12815051 prime?
False
Is 32752451 a prime number?
True
Is 8471053 composite?
False
Is 2332849 composite?
False
Is 24454093 a prime number?
True
Is 23763689 prime?
False
Is 60170263 prime?
False
Is 242580787 composite?
False
Is 426418151 a composite number?
False
Is 259514637 prime?
False
Is 8735599 a prime number?
False
Is 2096579 prime?
False
Is 84693481 composite?
True
Is 14425907 a composite number?
False
Is 250163923 a composite number?
False
Is 1191571 prime?
True
Is 54251553 a composite number?
True
Is 294271823 prime?
False
Is 2091515 a composite number?
True
Is 272234723 prime?
True
Is 13852019 prime?
False
Is 878779 prime?
False
Is 39021755 a prime number?
False
Is 7992851 a composite number?
True
Is 124182343 a composite number?
False
Is 278379239 composite?
False
Is 75670919 a composite number?
False
Is 11677879 prime?
True
Is 6695149 a prime number?
True
Is 45011191 a composite number?
False
Is 338851 a prime number?
True
Is 96044627 a composite number?
True
Is 219909 a prime number?
False
Is 162617187 a composite number?
True
Is 175719083 a composite number?
False
Is 54294473 a composite number?
False
Is 4656811 a composite number?
True
Is 11601379 a prime number?
False
Is 6182357 a composite number?
True
Is 1929566 a composite number?
True
Is 19138669 a prime number?
False
Is 188811041 a composite number?
False
Is 6093707 composite?
True
Is 10478669 a composite number?
False
Is 15772117 a prime number?
True
Is 375899 prime?
True
Is 90404263 a composite number?
True
Is 32173301 prime?
False
Is 14224489 a composite number?
False
Is 358336321 a prime number?
False
Is 17754773 a composite number?
False
Is 6762799 composite?
True
Is 269248751 a composite number?
True
Is 14584231 a composite number?
True
Is 2620342 a composite number?
True
Is 948503 a prime number?
False
Is 56831291 composite?
True
Is 30485877 a composite number?
True
Is 55210009 a prime number?
False
Is 2766977 composite?
True
Is 225023 composite?
False
Is 22520669 a prime number?
True
Is 37935307 a composite number?
True
Is 551890021 a composite number?
True
Is 1680071 prime?
True
Is 1400717 a composite number?
True
Is 7798677 composite?
True
Is 4034089 composite?
False
Is 161458709 a composite number?
True
Is 6374479 composite?
True
Is 3269437 composite?
False
Is 179093 a composite number?
True
Is 2248291 a composite number?
False
Is 1831793 a composite number?
True
Is 34573727 prime?
False
Is 77433809 composite?
True
Is 13621259 prime?
False
Is 59891983 a composite number?
False
Is 18669679 a prime number?
False
Is 9458857 a prime number?
False
Is 1361373133 composite?
True
Is 24507671 a prime number?
False
Is 2552317 composite?
False
Is 107474771 prime?
False
Is 2773389 prime?
False
Is 9412051 a prime number?
False
Is 142691741 a prime number?
False
Is 4156291 a prime number?
True
Is 17336893 a prime number?
False
Is 293552263 a prime number?
False
Is 855031 a prime number?
True
Is 5088673 prime?
False
Is 7161026 prime?
False
Is 14748665 a composite number?
True
Is 22010827 a composite number?
False
Is 110360581 composite?
False
Is 45509501 a prime number?
True
Is 684191 composite?
False
Is 572387 prime?
True
Is 1508497 composite?
True
Is 2046107 composite?
True
Is 36754243 composite?
False
Is 24513959 composite?
True
Is 826654593 composite?
True
Is 10947787 a prime number?
True
Is 12584069 prime?
False
Is 90673489 prime?
True
Is 37733909 composite?
False
Is 280739119 a composite number?
False
Is 7822831 composite?
False
Is 482387 a prime number?
True
Is 406009837 prime?
True
Is 136581821 prime?
True
Is 1454191 a composite number?
False
Is 15083069 a composite number?
True
Is 293103813 composite?
True
Is 26459197 a composite number?
True
Is 427749347 composite?
False
Is 29509435 composite?
True
Is 1911398369 a prime number?
False
Is 5726627 composite?
False
Is 104770077 a composite number?
True
Is 92966231 a composite number?
True
Is 99466043 prime?
False
Is 24407767 prime?
False
Is 16358779 a prime number?
True
Is 268909253 a composite number?
False
Is 53609993 a prime number?
False
Is 3585451 a prime number?
True
Is 70455301 a composite number?
True
Is 2507851 a composite number?
True
Is 101377807 a composite number?
True
Is 13892915 prime?
False
Is 46470779 a prime number?
False
Is 42959669 a composite number?
False
Is 32118663 prime?
False
Is 10245607 a prime number?
False
Is 22595899 composite?
False
Is 694073 a prime number?
False
Is 154859983 prime?
False
Is 16141247 composite?
False
Is 34751191 a prime number?
True
Is 24324821 composite?
False
Is 225737 a composite number?
True
Is 4877531 composite?
True
Is 4146497 a composite number?
False
Is 2517457 prime?
True
Is 1055101 prime?
False
Is 37517639 a prime number?
False
Is 312790117 a prime number?
True
Is 891127 composite?
True
Is 1420927 a composite number?
True
Is 9427127 a composite number?
False
Is 67447 composite?
False
Is 35521153 a prime number?
False
Is 85897121 a prime number?
True
Is 159707291 a prime number?
True
Is 4276801 prime?
False
Is 728173 a prime number?
True
Is 14865073 a prime number?
True
Is 83777047 a prime number?
False
Is 795139 composite?
False
Is 54037 a prime number?
True
Is 371414447 composite?
True
Is 15623533 composite?
True
Is 14244823 a prime number?
True
Is 102522715 a composite number?
True
Is 8233853 a prime number?
False
Is 72294169 a composite number?
False
Is 2870953 a composite number?
False
Is 6567019 a composite number?
True
Is 99042791 a composite number?
False
Is 20060863 composite?
False
Is 33125393 prime?
False
Is 193867649 prime?
False
Is 2007758 a prime number?
False
Is 16844417 composite?
False
Is 23671553 a composite number?
True
Is 16828723 a prime number?
True
Is 6713579 a composite number?
False
Is 8808511 prime?
True
Is 13459781 prime?
False
Is 5677423 a prime number?
True
Is 1591747243 composite?
False
Is 5066539 a composite number?
False
Is 5275801 a composite number?
False
Is 3537505 composite?
True
Is 10455811 prime?
True
Is 210164057 a prime number?
False
Is 7385033 composite?
True
Is 9423313 prime?
True
Is 303833 a composite number?
True
Is 1105807 a prime number?
True
Is 7153133 prime?
False
Is 11810423 composite?
True
Is 6298102 a composite number?
True
Is 7202803 prime?
True
Is 276858431 composite?
False
Is 2498087 prime?
True
Is 2339161 prime?
False
Is 3760378 prime?
False
Is 7969105 composite?
True
Is 1551211 prime?
False
Is 517637 composite?
False
Is 165673 a prime number?
True
Is 1554041 prime?
False
Is 33520561 a prime number?
True
Is 608173 prime?
False
Is 20328053 composite?
False
Is 62176057 a prime number?
True
Is 5192921 a composite number?
True
Is 2982493 a prime number?
False
Is 25800794 a prime number?
False
Is 890773 a prime number?
False
Is 2282381 a prime number?
True
Is 794191 a composite number?
False
Is 146844869 prime?
True
Is 3503729 composite?
True
Is 1583447 prime?
True
Is 5914907 a composite number?
True
Is 13619407 composite?
True
Is 29513959 a prime number?
False
Is 2294599 composite?
True
Is 4235743 composite?
True
Is 238264631 a prime number?
False
Is 4453199 prime?
False
Is 115823 a composite number?
False
Is 64265549 a prime number?
True
Is 37835537 a prime number?
True
Is 970351 prime?
True
Is 9497759 prime?
False
Is 247295261 composite?
False
Is 2731831 a prime number?
True
Is 16118971 composite?
True
Is 2201920401 prime?
False
Is 25582 prime?
